Let c(q) = -4*q**3 - q. Let d be c(-1). What is the greatest common factor of d and 2?
1
Let q = 1 - 8. Let c = q + 39. What is the highest common divisor of c and 8?
8
Let j(g) = -154*g - 1. Let h be j(1). Let t = h + 218. Suppose 2*d - 20 + 2 = 0. What is the greatest common divisor of t and d?
9
Let u be 1/2 + (-14)/(-4). Suppose u*k = 3*k + 10. Let g = k + -7. Calculate the greatest common factor of 33 and g.
3
Let a be ((-94)/(-6))/((-6)/(-36)). Let i = -54 + a. What is the highest common divisor of 10 and i?
10
Let g = -31 - -33. What is the greatest common divisor of 2 and g?
2
Let r = 14 + -6. Calculate the greatest common factor of 72 and r.
8
Let t(i) = i**2 + 2*i + 10. Let m be t(-3). Calculate the greatest common divisor of m and 52.
13
Let q(h) = 2*h**2 - h - 7. Let c be q(7). Suppose -o = -4*o - 9, 9 = r + o. Calculate the greatest common divisor of c and r.
12
Suppose 0 = w - 1 - 3. Let i be (w/(-10))/(1/(-35)). Let y be (12/(-18))/((-4)/42). What is the highest common factor of y and i?
7
Let p(i) = 13*i**3 + i - 1. Let b be p(1). Calculate the highest common divisor of b and 65.
13
Let w(v) = 23*v**2 - 1. Let b be w(-1). Let x be b/4 + (-2)/4. Calculate the greatest common factor of 45 and x.
5
Let b(r) be the second derivative of r**4/12 - 5*r**3/6 + 2*r**2 - r. Let h be b(5). Let u be -1 + 132 + h/2. Calculate the greatest common factor of u and 19.
19
Let l be (-1*8)/2*-1. Let w be ((-6)/(-3 - 0))/2. Suppose -5*v + 18 = -a - w, -22 = -2*v + l*a. Calculate the greatest common divisor of 24 and v.
3
Let q(c) = c**3 - 9*c**2 - 7*c + 3. Let i be q(10). Calculate the highest common divisor of i and 22.
11
Let o(x) = -2*x - 4. Let g be o(-3). Let m be 2/((-288)/147 + g). Calculate the greatest common divisor of m and 7.
7
Suppose -i - 2*y = -17, y + 32 = 4*i - 3*y. Calculate the highest common factor of 11 and i.
11
Let z = 6 - 10. Let v be ((-10)/(-15))/(z/(-18)). Let r = 62 + -41. Calculate the highest common factor of r and v.
3
Suppose 3*w - 5*s = -10*s + 74, -w = -3*s - 48. Let c(z) = -z**3 - 6*z**2 - 3*z - 15. Let b be c(-6). What is the highest common factor of w and b?
3
Suppose 14*d = 16*d - 50. Calculate the highest common factor of 275 and d.
25
Let x = 186 + -82. Let h = 8 + 5. Calculate the highest common divisor of x and h.
13
Let l be (-2 + -2 - 0)*-1. Suppose u - 6 = l. Let s = 2 - 1. What is the greatest common divisor of s and u?
1
Let a = -127 - -181. What is the greatest common divisor of 18 and a?
18
Let k be 1/(-3) + 182/6. What is the highest common factor of 20 and k?
10
Let w = 143 - 73. Suppose 29 + w = 3*x. Let n(i) = i**2 + 3*i - 6. Let d be n(4). Calculate the greatest common factor of x and d.
11
Suppose 0 = -3*y - 4*d - d + 20, 0 = -3*y + 4*d + 65. Calculate the greatest common divisor of 165 and y.
15
Suppose 0*m = m - 2. Let h(i) = 6*i - 1. Let j be h(m). What is the greatest common divisor of j and 11?
11
Let f be 938/(-12) - 2/(-12). Let x = -46 - f. Let c(t) = -t**3 + 5*t**2 + t + 3. Let a be c(5). What is the highest common divisor of a and x?
8
Let o be (1/(-5))/((-2)/10). Let p be 3 + o + (1 - 0). What is the highest common factor of 10 and p?
5
Let o(y) = -y**3 + y**2 + y + 63. Let x be o(0). Calculate the highest common divisor of 9 and x.
9
Let g = -190 - -198. Calculate the greatest common factor of g and 2.
2
Let a(s) = -s**3 + 2*s**2 + 4*s. Let r be a(-3). Let k = r + -22. Let p = 149 + -72. What is the greatest common divisor of k and p?
11
Suppose t + t = 14. Calculate the highest common divisor of 14 and t.
7
Let o(k) = k**3 + 2*k**2 - k + 27. Let z be o(0). Let l(t) = -t**3 - 2*t**2 - 3*t - 3. Let x be l(-2). Calculate the greatest common divisor of z and x.
3
Let s(a) = 11*a**2 + a. Let r be s(1). Let m be (-20)/(7/9 - 1). Suppose -h = 2*h - m. What is the greatest common factor of r and h?
6
Let a be (-1)/((-21)/300) - (-12)/(-42). What is the greatest common divisor of a and 49?
7
Suppose 3*t - 9 = -u, -10*u = -5*u + t - 31. What is the greatest common factor of u and 60?
6
Suppose 0 = -8*d + 11 + 53. Calculate the greatest common divisor of 32 and d.
8
Let p be 6/(6/25)*8. Calculate the highest common divisor of p and 25.
25
Let l(g) be the third derivative of -1/6*g**3 + 2*g**2 + 0 + 1/5*g**5 + 0*g**4 + 0*g. Let b be l(1). What is the greatest common factor of b and 1?
1
Suppose 3*x = 4*f - 3 - 21, 4*x = -f - 13. Let d(q) = -16*q**3 + 0*q**2 - f*q + 0*q**2 - 2. Let l be d(-2). What is the highest common factor of 12 and l?
12
Let y = 233 - 92. Calculate the greatest common factor of y and 47.
47
Let l(d) = d**2 + 4*d + 2. Let y = 4 - 7. Let p be l(y). Let a(m) = -19*m + 1. Let h be a(p). Calculate the highest common factor of 100 and h.
20
Suppose -2*k = -3*j - 7, -3*k + 7 + 1 = -2*j. Let w be j/(364/184 + -2). Calculate the highest common divisor of w and 69.
23
Let t = -10 - -35. Let h = -14 + t. Let m be (-2)/(1 - 35/33). What is the greatest common factor of m and h?
11
Suppose -4*y - 4 = -0*y + 4*h, 2*y + 4*h = -8. Suppose 2*u + y*u - 156 = 0. Calculate the greatest common factor of 26 and u.
13
Let o(y) = 2*y**2 + 3*y + 3. Let s be o(-3). Let n(h) = -5*h**3 + h**2 - 2*h. Let v be n(-2). What is the greatest common factor of s and v?
12
Let v(l) = 9*l**2. Let f be v(-2). Let y = 34 + -22. Calculate the greatest common divisor of f and y.
12
Let w be -1 - (0 - -2)*-77. What is the highest common divisor of 9 and w?
9
Suppose -i + 16 + 16 = 0. What is the highest common factor of i and 4?
4
Let z be ((-12)/10)/((-6)/(-20)). Let o = 4 + z. Suppose -v + o = -1. What is the greatest common divisor of v and 9?
1
Suppose 14*z = 8*z + 72. What is the highest common factor of 84 and z?
12
Let r(j) be the third derivative of -j**4/24 + 4*j**3 - 2*j**2. Let h be r(0). Let b(t) = 8*t + 12. Let o be b(3). What is the highest common factor of o and h?
12
Let y(i) = -14*i - 7*i - 1 + 4 + 4. Let u be y(-5). Calculate the highest common factor of 14 and u.
14
Let a be 2 + (6 - 1) + -1. Let c(f) = -1 + 1 - f + f**2. Let m be c(2). What is the highest common factor of m and a?
2
Suppose 0 = -u - w + 27, w = -5*u - 0*w + 155. Suppose 0*l = -3*l + 15. Let c(i) = 2*i + 6. Let n be c(l). What is the highest common divisor of u and n?
16
Let j be (-15)/2*12/(-10). Let c be (j/(-6))/((-3)/(-8)). Let s be c/(-10) - (-76)/10. Calculate the highest common factor of 56 and s.
8
Suppose 3*m + 7 = -5*n, -2*m = -6*n + n - 12. Let k be (m + -8)*(0 - 1). Calculate the highest common factor of k and 35.
7
Let t be (-8)/(-44) + 141/11. Calculate the highest common factor of 117 and t.
13
Let w(l) = -l**3 + 9*l**2 - 6*l + 4. Let g be w(3). Calculate the greatest common divisor of g and 24.
8
Let s = -169 - -174. Suppose 2*g + 4*q = -8, 3*g - 3*q - 8 = 4*g. Let m = 1 + g. What is the greatest common divisor of s and m?
5
Let c(h) = -7*h - 1. Suppose 8 = -0*a - a - y, -4*a - 3*y - 29 = 0. Let m = -12 - a. Let d be c(m). Calculate the highest common factor of d and 32.
16
Suppose -637 = -5*c + 298. Calculate the highest common factor of c and 17.
17
Let s(a) = 3 + a + 1 + 0. Let t be s(6). Suppose 4*k - 3*q - 49 = 0, 0 = k + 4*q - 3*q - 7. What is the highest common divisor of k and t?
10
Let a(t) = 2*t**2 + 3*t + 3. Let k be a(-3). Suppose 0 = -0*j + 5*j - 240. What is the highest common divisor of j and k?
12
Suppose 50 = 4*q + 2. Suppose 0 = c + c - 168. Calculate the highest common divisor of c and q.
12
Suppose -37 = 3*s + 155. Let j be s/(-10) + (-6)/15. Let i be ((-152)/j)/(1/(-6)). What is the highest common divisor of i and 19?
19
Suppose 328 = 35*u - 31*u. What is the greatest common factor of 205 and u?
41
Let w(h) = h**2 + 12*h + 10. Let z be w(-10). Let v = z + 17. Calculate the highest common factor of 1 and v.
1
Suppose 5*a + i = 48, -5*a - 3*i + 26 = -28. What is the highest common divisor of 1 and a?
1
Suppose 0*p - 4*h - 60 = -p, -3*p + 219 = h. What is the highest common divisor of 108 and p?
36
Let b be 0 - (-2 + -8 + 0). Suppose -2*u = b - 32. Let y be (9 + (-2 - -4))*11. Calculate the highest common factor of y and u.
11
Let j be 9/(-15) + (-52)/(-20). What is the highest common divisor of 8 and j?
2
Let c(i) = 7*i**2 - i + 4. Let v be c(2). Calculate the greatest common divisor of v 